k. Is s(n) a multiple of 8?
False
Let b be (0 - (-1 + 1))/(-2). Suppose x - 4 = 4*f + 1, -x - 5*f - 13 = b. Let w(i) = i**2 - i - 1. Is w(x) a multiple of 6?
False
Suppose -350 - 466 = -12*g. Is g a multiple of 7?
False
Let o be -2 + 0 + -1 + 29. Let s = o - 8. Does 6 divide s?
True
Let q(m) = m - 2. Let w be q(5). Let o(l) = 6*l + l**3 + 0*l**2 - 5*l - w - l**2. Does 9 divide o(3)?
True
Let k be 2/(-3) - 152/(-12). Let j = k + -8. Suppose 3*w + 5*v - 39 = -j, 3*w - 3*v = 27. Is 5 a factor of w?
True
Let u be (2 + -5)/((-2)/2). Suppose u*i - 4*t - 35 = -9*t, -4*i + 52 = 4*t. Does 15 divide i?
True
Let x(d) = 1 + 0*d**2 + 2*d + 4*d**2 + 1 + 4*d. Does 14 divide x(-4)?
True
Suppose -x + 2250 = 4*x. Suppose 93 = -i - 5*n + n, -5*i - x = 5*n. Let a = i - -127. Is a a multiple of 20?
False
Suppose -5*r + 39 = 9. Is 465/9 - 4/r a multiple of 17?
True
Let s be 114/4*4/3. Suppose 5*g - 72 = s. Let k = g + 4. Does 13 divide k?
True
Let k(b) = 3*b - 6. Let n be k(8). Suppose -o - 2 = 0, 4*c - 5*o = -0*c + n. Suppose c*i = -4*w - 8, -3*i + 2*w = -32 + 4. Is 6 a factor of i?
True
Let p(j) = -j**2 + 9*j - 5. Does 15 divide p(5)?
True
Suppose 4*z - 9 = 47. Let j = z - 9. Suppose 3*t + 115 = 4*r, 0*r + j*r = t + 141. Is 13 a factor of r?
False
Let x = 195 - 153. Is x a multiple of 7?
True
Let f(r) = -93*r**3 + r**2 - r - 1. Does 19 divide f(-1)?
False
Suppose -2*z = 3*t - 1370, -4*t + t = -4*z - 1364. Is t a multiple of 24?
True
Let t(w) = -w**2 - 7*w + 10. Does 5 divide t(-7)?
True
Does 13 divide 0 + 4*24 + (-2)/2?
False
Let h(k) = 22*k - 3. Let x be h(4). Let v = x + -40. Is 15 a factor of v?
True
Let f = -15 - -17. Suppose -5*c = 5*d - 65, 2*d + 2*d - f*c - 52 = 0. Is 8 a factor of d?
False
Let c(q) = -q**2 - 6*q - 5. Let k be c(-5). Suppose -5*b + k*b + 61 = f, 3*f - 183 = 4*b. Does 20 divide f?
False
Suppose -2*p - 2 + 16 = 0. Let j = 76 - p. Is j a multiple of 15?
False
Let m be 6*-1*2/(-4). Suppose -4*d = -5*d - 4. Is 1*m + (-4 - d) even?
False
Suppose 8 = r + 5*j, -4*r - 5*j + 6 = -11. Suppose o + 3*y - 8*y - 12 = 0, r*o - 2*y = 36. Suppose 2*h - 4 = n + o, -4*n = -h + 22. Is h a multiple of 3?
True
Let t(h) = -h**2 + h - 3. Let p be t(4). Let j = p - -32. Is 11 a factor of j?
False
Let w(i) = -16*i**2 - 2. Let u be w(-2). Let f be 1 + (u + 0)/2. Let p = 73 + f. Is 14 a factor of p?
False
Let z(r) = 6*r**3 - 3*r - 3. Let o(f) = 9*f**3 - 5*f - 5. Let k(h) = -5*o(h) + 8*z(h). Let c be k(-1). Is 9 a factor of -48*c/(6*1)?
False
Suppose 2*o = t - 14, -4*o - 20 = -o - t. Let f(s) be the second derivative of s**5/20 + 7*s**4/12 + 5*s**3/6 + 3*s**2 - 3*s. Is 12 a factor of f(o)?
True
Let i(x) = -x**3 + 4*x**2 - 2*x + 4. Let t be i(-4). Suppose -5*s - 35 + t = 0. Is 7 a factor of s?
True
Is 32 a factor of (-3)/30 - 6405/(-50)?
True
Let c(s) = 30*s. Does 11 divide c(1)?
False
Suppose z + 12 = 2*z. Let w be z/42 + 2/(-7). Suppose -4*l + 5*l - 27 = w. Is 11 a factor of l?
False
Is ((-135)/25)/(1 + (-6)/5) even?
False
Let i(g) = g**3 + 5*g**2 - 7*g - 8. Let w be i(-6). Let y(h) = -3*h - 2. Let v(f) = -3*f - 3. Let n(k) = -4*v(k) + 5*y(k). Is n(w) a multiple of 8?
True
Suppose -c + 20 = -2*r + 3*c, 5*c = -2*r - 56. Does 7 divide (-165)/r - (-1)/(-6)?
False
Let j(v) = 5*v + 9. Let k(q) = -4*q - 10. Let w(p) = -5*j(p) - 6*k(p). Let z be (0*4/16)/(-2). Is w(z) a multiple of 13?
False
Let z(x) = x**3 + 9*x**2 + 2*x + 11. Let k be (-12)/(-6*(-2)/8). Does 25 divide z(k)?
False
Suppose -5*j - 6 = 5*g - j, -4*j + 14 = -5*g. Is 9 a factor of (2 - (-69)/(-6))*g?
False
Let u = -24 - -27. Is u even?
False
Let l(w) = w**2 - 8*w - 1. Let b(p) = p**2 - 8*p - 2. Let s(r) = -5*b(r) + 6*l(r). Does 19 divide s(12)?
False
Let q(i) = i**2 + 4*i - 4. Suppose 0 = v + p, 2*v - 3*v = 3*p + 6. Is q(v) a multiple of 5?
False
Does 24 divide -12*((-4)/(-3) + -4)?
False
Let s be ((-72)/4)/(-3) - 1. Suppose -v + 2*f = -2*f - 24, 3*v - s*f = 86. Is v a multiple of 20?
False
Let g = -42 + 77. Suppose 2*q + 3*h = 8, 0 = 5*q + 4*h - g + 1. Does 5 divide q?
True
Let f(k) = -k**2 + 6*k - 2. Let g be f(3). Suppose -5*t + 53 = -g. Does 6 divide t?
True
Let n = -5 + 8. Let q = 20 + n. Does 23 divide q?
True
Let v be (114/9)/(2/3). Suppose -5*g = -n + 9, n = 8*g - 4*g + 5. Let r = v + n. Is r a multiple of 8?
True
Is 13 a factor of 31 + (4/4 - 1)?
False
Let l(a) = -2*a**2 + 16. Let v(x) = -x**2 + 8. Suppose 14 = -g - g. Let c(t) = g*v(t) + 4*l(t). Is c(0) a multiple of 4?
True
Let k(g) = g**2 - 10*g - 28. Does 10 divide k(14)?
False
Suppose -3 = -5*w - o - 18, 4*o - 6 = 2*w. Let z(k) = -k**3 - 2*k**2 - 3*k + 4. Does 8 divide z(w)?
False
Suppose -5*h + 4*k = -9, -5*k + 38 - 8 = 2*h. Suppose 0*t - h*t = -50. Does 5 divide t?
True
Suppose 2*n + 46 = -2*n - f, n - 2*f = -16. Let j(h) = h**2 + 12*h + 7. Is j(n) a multiple of 7?
True
Let j = 71 - 31. Does 10 divide j?
True
Let f = 43 - -113. Let b = f - 21. Suppose -5*p + b = 3*i - 161, p = 5*i + 76. Is 23 a factor of p?
False
Let l = 30 - -1. Does 31 divide l?
True
Let o(j) = 6*j - 3. Let z(s) = 18*s - 8. Let i(p) = 8*o(p) - 3*z(p). Suppose -f + 3 = 5. Does 6 divide i(f)?
True
Is 5 a factor of 55/(-11)*(0 + -1)?
True
Let t be (-35)/(-10) + 1/2. Suppose -5*a + 1 = -4*a, -4*a - 272 = -t*w. Does 23 divide w?
True
Let l = 188 + -411. Let d = -134 - l. Suppose -5*i = 4*q - 77, -2*q - d = 2*i - 7*i. Is i a multiple of 11?
False
Let n be (-3)/(4/(-2) - -1). Suppose 5*b + n*r = -2*r + 105, -b + 11 = 3*r. Does 13 divide b?
True
Let x be (-1)/2*0 - -4. Suppose 0 = -5*q + 5*g - 4 - 1, -2*q - x*g + 28 = 0. Suppose 5*t = -q*h + 39, -2*t + 10 = h - 2. Is 3 a factor of h?
True
Let v(l) = 2*l**2 + 6*l - 2. Let x be v(5). Let a = -42 + x. Is 12 a factor of a?
True
Is 2/10 - (-399)/5*1 a multiple of 16?
True
Let x = -2 - -7. Suppose 7*z - x*z - 10 = 0. Is z a multiple of 5?
True
Let z(p) = -4*p**3 + 10*p**2 - 5*p. Let v(k) = 11*k**3 - 29*k**2 + 15*k. Let o(b) = 3*v(b) + 8*z(b). Does 15 divide o(7)?
False
Let j(c) = -5 - 6*c + 6*c + c**2. Let h be j(-5). Suppose -4*g = -2*g - h. Does 5 divide g?
True
Let y = -11 - -13. Suppose -1 + 89 = y*r. Is 22 a factor of r?
True
Let o(h) be the first derivative of -h**2/2 + h - 4. Let b be o(-3). Suppose -b*x + 216 = -y, -x - y = -31 - 18. Is 22 a factor of x?
False
Let v be (-2)/12*-4*18. Suppose 0 = 7*x - v*x + 160. Does 7 divide x?
False
Let n be ((-2)/5)/(3/(-45)). Suppose 2*p = 4*a + n, -1 = a - 3. Does 3 divide p?
False
Let b(p) = 12*p + 6. Is b(4) a multiple of 27?
True
Suppose 8*w = w + 679. Is w a multiple of 18?
False
Suppose 0 = -0*n + n - 5*l, 0 = 4*n - 3*l. Does 5 divide n/(-6) + 15 + 2?
False
Let z be (-2)/(-1) - (4 + -1). Is ((-9)/z)/((-2)/(-4)) a multiple of 4?
False
Let v = 6 + -2. Is 10 a factor of 6/8*v + 17?
True
Let f = -39 + 72. Let k be 44/(-10) - 4/(-10). Is 3*f/(-18)*k a multiple of 11?
True
Let x be ((-32)/(-6))/((-5)/(-15)). Let d = 33 - x. Is 12 a factor of d?
False
Let s be (-2)/12 + 3/18. Suppose 0 = 3*z - 5*i - 19, 3*z + s*i = -3*i + 3. Is ((-6)/4)/(z/(-52)) a multiple of 13?
True
Let j = -4 - -70. Let y = -16 + j. Is 25 a factor of y?
True
Let p be 4*((-3)/6 - 1). Let w = -4 + p. Is (-45)/w - 2/4 a multiple of 2?
True
Let h(l) = 7*l + 10. Does 34 divide h(18)?
True
Let j(w) = 2*w**2 + 2 - 4*w - w**2 - 4. Is j(-4) a multiple of 10?
True
Let x be 0 + 0/((-6)/2). Suppose -2*t + 66 = -x*t. Is t a multiple of 16?
False
Suppose 4*p = 95 + 161. Does 16 divide p?
True
Suppose 0 = 3*x - 44 - 7. Suppose -3*l + x = c, -3*c + 3*l = -c + 2. Let g = c - -9. Does 7 divide g?
True
Let x(i) = -i**2 - 10*i + 9. Is 9 a factor of x(-9)?
True
Suppose -k - 1 = -2*k. Let o(b) = 3*b - 1. Let n be o(k). Suppose 135 = 3*f + n*m, 2*f - 47 = 4*m + 59. Is 21 a factor of f?
False
Let z = 36 + -24. Does 6 divide z?
True
Suppose -6*p + 3*b + 526 = -4*p, -4*p + 1052 = -3*b. Suppose -5*n - 44 = -4*j - p, 0 = 3*n - 3*j - 132. Is n a multiple of 12?
False
Let f(c) = c**3 - 10*c**2 + 12*c. Is 9 a factor of f(9)?
True
Let m(u) = -u**2 + 12*u - 9. Suppose 0 = 4*v - 5*v + 9. Is m(v) a multiple of 9?
True
Let t(u) = 14*u - 7. Does 6 divide t(3)?
False
Suppose 13 + 4 = u. Let q = u + 2. Is 19 a factor of q?
True
Suppose 2*d + 6*d = 1144. Is d a multiple of 29?
False
Suppose -513 = b - 4*b. Suppose -v + 4*v = b. Is v a multiple of 10?
False
Let 